{"id":24,"date":"2016-02-12T08:13:06","date_gmt":"2016-02-12T08:13:06","guid":{"rendered":"http:\/\/demos.famethemes.com\/onepress\/?page_id=24"},"modified":"2019-11-19T17:37:57","modified_gmt":"2019-11-19T17:37:57","slug":"service-title-2","status":"publish","type":"page","link":"https:\/\/click2care.pt\/index.php\/service-title-2\/","title":{"rendered":"Porqu\u00ea usar"},"content":{"rendered":"<p>Em caso de urg\u00eancia, uma resposta r\u00e1pida \u00e9 essencial para garantir um bom desfecho.<\/p>\n<p>A equipa da Human Talent que presta um servi\u00e7o 100% personalizado, tem uma vasta experi\u00eancia no suporte de doentes cr\u00f3nicos e na triagem de emerg\u00eancias.<\/p>\n<p>O Sistema, desenvolvido pelas Tecnologias Imaginadas,\u00a0 garante\u00a0 a identifica\u00e7\u00e3o inequ\u00edvoca de quem necessita de ajuda e apoia a decis\u00e3o para que os meios necess\u00e1rios sejam prontamente enviados para o local.<\/p>\n","protected":false},"excerpt":{"rendered":"<p>Em caso de urg\u00eancia, uma resposta r\u00e1pida \u00e9 essencial para garantir um bom desfecho.<\/p>\n","protected":false},"author":1,"featured_media":0,"parent":0,"menu_order":0,"comment_status":"closed","ping_status":"closed","template":"template-fullwidth.php","meta":{"footnotes":""},"aioseo_notices":[],"_links":{"self":[{"href":"https:\/\/click2care.pt\/index.php\/wp-json\/wp\/v2\/pages\/24"}],"collection":[{"href":"https:\/\/click2care.pt\/index.php\/wp-json\/wp\/v2\/pages"}],"about":[{"href":"https:\/\/click2care.pt\/index.php\/wp-json\/wp\/v2\/types\/page"}],"author":[{"embeddable":true,"href":"https:\/\/click2care.pt\/index.php\/wp-json\/wp\/v2\/users\/1"}],"replies":[{"embeddable":true,"href":"https:\/\/click2care.pt\/index.php\/wp-json\/wp\/v2\/comments?post=24"}],"version-history":[{"count":5,"href":"https:\/\/click2care.pt\/index.php\/wp-json\/wp\/v2\/pages\/24\/revisions"}],"predecessor-version":[{"id":1587,"href":"https:\/\/click2care.pt\/index.php\/wp-json\/wp\/v2\/pages\/24\/revisions\/1587"}],"wp:attachment":[{"href":"https:\/\/click2care.pt\/index.php\/wp-json\/wp\/v2\/media?parent=24"}],"curies":[{"name":"wp","href":"https:\/\/api.w.org\/{rel}","templated":true}]}}